 2*k = -20, -q*x = k - 368. List the prime factors of x.
3, 31
Let g(c) = 5*c**2 + 5*c + 9. Let q be g(-6). Suppose -q = -3*j - 0*u + 3*u, -4*u = -12. Let b = 11 + j. List the prime factors of b.
67
Let x be (4 - 6)*12*4/(-6). Suppose 18 = -10*n + x*n. Suppose n*o + 5*y = 15, 5*y - 3*y = o - 16. What are the prime factors of o?
2, 5
Suppose -66858 = -1648*a + 1615*a. What are the prime factors of a?
2, 1013
What are the prime factors of (-2448)/(-136)*-1*39148/(-24)?
3, 9787
Suppose 25 = 5*s - 5*m - 25, -5*m - 32 = -2*s. Suppose -531 = -s*o + 141. What are the prime factors of o?
2, 7
Let h(a) = -2252*a - 536. What are the prime factors of h(-10)?
2, 3, 229
Suppose 5*q - 2*h = 345995, -4*q + 233735 = 5*h - 43061. What are the prime factors of q?
13, 5323
Let j be (-3)/((-12)/16) + -7. Let w be 2 + -1 - (j + 0). Suppose 0 = -2*z - w*z + 378. What are the prime factors of z?
3, 7
Let x = 22781 + -16097. What are the prime factors of x?
2, 3, 557
Suppose 11*q + c = 6*q + 19208, 4*q - 15358 = -5*c. List the prime factors of q.
2, 17, 113
Let l = 1167 + -532. Let n = -361 + l. What are the prime factors of n?
2, 137
Let n(z) = -4*z**3 - 4*z - 9. Let q be n(-5). Suppose 4*k - 11*k + q = 0. Suppose -7*t + k = -6*t. List the prime factors of t.
73
Let z(n) = 4*n**2 - 20*n - 10. Suppose -11 = -k + d, -2*k + 6 + 22 = -5*d. What are the prime factors of z(k)?
2, 67
Let i be (-1)/6 - 250/(-60). Let j = 64 - 38. Suppose i*h + j - 202 = 0. List the prime factors of h.
2, 11
Let h be 55 + 497 + 2*3/(-2). Suppose 6*u + h = 2625. List the prime factors of u.
2, 173
List the prime factors of 29275/30*(-6)/(4 - 5).
5, 1171
Let b(f) = -635*f + 312. Let s be b(-5). Suppose 8*u + s - 15103 = 0. List the prime factors of u.
2, 3, 11
Let r = 36147 - 24498. List the prime factors of r.
3, 11, 353
Let b = -3733 + 24433. What are the prime factors of b?
2, 3, 5, 23
Let w = -88 + 116. Let y be (w/(-21) - (-3442)/3) + -1. Suppose 0 = 5*r + 35 - y. What are the prime factors of r?
2, 3, 37
Let y be (100/15)/10 - 25/(-3). Suppose 5*a + 131 = -y. List the prime factors of 340*(4 + a/8).
2, 5, 17
Suppose 0 = -6*g + 12 + 18. Suppose 1 + g = -y + 2*h, 15 = 4*y + 5*h. Suppose 5*j = -k - 45 + 140, 2*k - 4*j - 204 = y. List the prime factors of k.
2, 5
Suppose -7*x - 42 = -10*x. Suppose -6 = -2*r - 2*s, -4*r - s + x - 5 = 0. List the prime factors of (-3)/(-6)*(384 + r).
193
Let d(y) be the second derivative of 3*y**4/4 + 17*y**3/6 + y**2/2 - y - 41. What are the prime factors of d(9)?
883
Suppose -2*n + 190 = -4*n. Let g = n - -273. What are the prime factors of g?
2, 89
What are the prime factors of 1*(-7)/(-28)*-4 + (2 - -9642)?
9643
Let a(t) be the third derivative of 13*t**4/24 + 29*t**3/2 + 2*t**2 + 22. What are the prime factors of a(16)?
5, 59
Let j be (-2 + 686/4)/(14/28). Suppose 100*k + j = 103*k. List the prime factors of k.
113
Suppose -3*y = -5*y. Suppose z - 1017 - 49 = y. Suppose -4*i = -5*c + z, 0 = c + i - 3*i - 212. List the prime factors of c.
2, 107
Suppose 0 = 51*y - 282197 - 580927. List the prime factors of y.
2, 4231
Let f(j) = j**3 - 2*j**2 + 6*j - 10. Let q be f(-7). Let t = q + 895. What are the prime factors of t?
2, 3, 67
Let f be 4/3*(-9)/(-6). Let l be ((-6)/18)/(f/6) - -325. Suppose 3*t - 250 = -4*b, -4*b - l = -4*t - 7*b. List the prime factors of t.
2, 3, 13
What are the prime factors of 15 + 15/5 + 561?
3, 193
Suppose -8*r - 75 = -11. Let q(n) be the first derivative of 2*n**3/3 + 5*n**2 + 10. List the prime factors of q(r).
2, 3
Let t = 11262 + -773. What are the prime factors of t?
17, 617
Let i be (0 + (-4)/6)/(16/(-72)). Suppose 0*y - i*y + 748 = -5*l, -5*y + 1215 = -2*l. List the prime factors of y.
241
Suppose -3*u = -3*d + 6*d, 0 = 3*u + 4*d - 2. Let j = 14 - u. Suppose -j*r + 22*r - 522 = 0. What are the prime factors of r?
3, 29
Suppose -150 = 15*o - 21*o. Suppose 7*c + 11700 = o*c. What are the prime factors of c?
2, 5, 13
Suppose 44*j - 45*j = 15. Let m = j + 25. What are the prime factors of 3/((-12)/m)*(-558)/15?
3, 31
Let k(v) = 25860*v**3 + 38*v**2 - 43*v + 4. What are the prime factors of k(1)?
19, 1361
Let o = 683 - -7170. What are the prime factors of o?
7853
Let o = 5256 - 3066. Suppose 6*b = 546 + o. List the prime factors of b.
2, 3, 19
List the prime factors of (151425/100 + -6)*24.
2, 3, 2011
Let f = 17825 - 11874. What are the prime factors of f?
11, 541
Suppose -3*i = 4*d - 6*i + 120, 90 = -3*d + 3*i. Let u be 3 - (9/3 - d). List the prime factors of (507/78)/(-1 + (-31)/u).
3, 5, 13
Suppose -g = -2*r - 3059, 70*g + 2*r - 12196 = 66*g. What are the prime factors of g?
3, 113
Let h = -3115 - -4580. Suppose -2*k + 511 = 4*l - 63, 4*l - h = -5*k. What are the prime factors of k?
3, 11
Suppose 259*s - 941855 + 400303 = 2382817. List the prime factors of s.
7, 1613
Suppose -135*h - 4104 = -131*h. Let d = 725 - h. What are the prime factors of d?
17, 103
List the prime factors of ((-4)/(-4))/(56/(-16176)*(-3)/21).
2, 3, 337
Let j(s) = s**2 + 6*s - 13. Let w be j(-9). Suppose -5*m = -17*o + w*o - 80, 4*o + 4*m + 64 = 0. What are the prime factors of 4 + o*(-16)/2?
2, 41
Suppose 3*x - 3 = 33. Suppose -1800 = -x*i - 6*i. What are the prime factors of i?
2, 5
Suppose -g + 2*g = -3*m - 260, 3*g = m + 90. What are the prime factors of m/(-29) + (-266)/(-2)?
2, 17
Suppose -13*w + 4*w = 1278. Let g = w - -197. What are the prime factors of g?
5, 11
Let c = -6336 + 18895. What are the prime factors of c?
19, 661
Let m(n) be the first derivative of n**2/2 + 86*n + 513. Suppose -d - d = 0. What are the prime factors of m(d)?
2, 43
Suppose 0 = -2*n + 5*b + 4066, 4*n = 5*b - 2*b + 8132. Suppose -71307 = -38*k - n. List the prime factors of k.
1823
Suppose -a - 4*g + 1634 = 0, -6556 = -4*a + 5*g - g. Suppose 6*j + a = 12*j. Let d = j + -107. What are the prime factors of d?
2, 83
Let m be ((16/(-6) - 0) + 3)*0. Suppose -4*v = 4*d - 16, v = -1 - m. Suppose 5*z = 3*l + 250, d*l = 4*z + 34 - 234. List the prime factors of z.
2, 5
Suppose -4*f - 16 = 0, -9*b + 2*f + 1958 = -8*b. Suppose 0 = 2*h + 2*h + 20. List the prime factors of 2/(h*(-4)/b).
3, 5, 13
Let a = -786 + 4508. What are the prime factors of a?
2, 1861
Let f = 14341 + -3384. List the prime factors of f.
10957
List the prime factors of -4194*((-6)/(-63) - (-455)/(-147)).
2, 3, 233
Let z(b) = b**2 - 4*b - 3. Suppose -5*r - 7*i + 5*i = 4, 2*r + 10 = -5*i. Let j = -11 - r. List the prime factors of z(j).
2, 3
Suppose -9*j - 496460 = 11*j - 40*j. List the prime factors of j.
103, 241
Let m(x) = -x - 1. Let a(o) = 21*o + 13. Let z(t) = a(t) + 4*m(t). Let b be z(-3). List the prime factors of 24*(4 + b/(-9)).
2, 13
What are the prime factors of (-8)/14*(1530312/(-48) - -21)?
2, 9103
Suppose 3*u = 4*l + 11 - 39, 0 = 3*u + 12. Suppose -l*o = j - 1048, -718 = 4*j - 4*o - 4850. List the prime factors of j.
2, 7, 37
Let s = 65 + -65. Suppose 2*g = 4*x - s*x + 712, 3*x = 3*g - 1065. Suppose 25*z + g = 27*z. List the prime factors of z.
3, 59
Let a be (-2)/(-4) - (-765)/10. Let n = 50 + 111. Suppose r = n + a. What are the prime factors of r?
2, 7, 17
Let v(n) = -2*n**2 + n**2 - 30 - 10*n - n - 9*n. Suppose -9*p - 76 = 77. What are the prime factors of v(p)?
3, 7
Suppose 41*a + 11*a - 424535 = -145*a. List the prime factors of a.
5, 431
Suppose 0 = 2*j + 3 - 11, 5*r - 43 = -2*j. Suppose -8*k + r*k = -4. Suppose -560 = -5*t + t - 5*b, k*t + 2*b - 548 = 0. List the prime factors of t.
3, 5
Let m be (-1)/(2/266) + -6 + 6. Suppose -18*h = -23*h - 100. Let q = h - m. List the prime factors of q.
113
Suppose 10*k - 8*k + 4*i - 7020 = 0, -4*i - 14028 = -4*k. List the prime factors of k.
2, 877
Let u(m) = m + 6. Let a be u(-7). Let o(t) be the third derivative of -29*t**4/8 - t**3/2 + 50*t**2. What are the prime factors of o(a)?
2, 3, 7
Suppose 40871 - 10217 = 53*j - 51655. What are the prime factors of j?
1553
Let f(b) = -5*b**2 + 15*b - 1576. Let t(c) = -13*c**2 + 47*c - 4727. Let l(j) = 8*f(j) - 3*t(j). What are the prime factors of l(0)?
11, 13
List the prime factors of (-16)/(-48)*6813 + -11.
2, 5, 113
Let w(i) = 2*i**3 - 9*i**2 + 9*i - 8. Let x be w(8). Let n = x - 246. What are the prime factors of n?
2, 7, 19
Let p(s) = 4*s**2 + s - 90. Suppose -2*u + 6*n = 10*n + 18, 2*u - 5*n = -36. What 